 a.
13
Suppose 3*t = n - t - 84, -492 = -5*n - 4*t. Let j be (4/(-6))/((-2)/36). What is the greatest common divisor of n and j?
12
Suppose 3*d - 2 - 10 = 0. Calculate the highest common factor of d and 4.
4
Let p be (-14)/(-4) - 2/(-4). Let t be ((-32)/(-24))/(2/30). What is the greatest common divisor of t and p?
4
Suppose 0 = -11*t + 6*t + 5. Calculate the highest common factor of t and 17.
1
Let a be (-6)/(-33) + 2/(-11). Suppose -255 = -4*z + 5*l - a*l, 15 = -5*l. Calculate the greatest common factor of z and 20.
20
Suppose 30 = o - 10. Suppose 3*l = -1 + o. What is the greatest common divisor of 13 and l?
13
Suppose 5*o + 27 - 207 = 0. Suppose 43 = 4*m - 53. What is the greatest common divisor of m and o?
12
Suppose -6*g + 6 = -6. Let d(n) = -n**3 - 2*n**2 - 4*n - 3. Let x be d(-2). Calculate the highest common divisor of x and g.
1
Suppose 0 = 2*g + 5*b - 84, 5*g - b - 210 = b. Calculate the highest common divisor of g and 378.
42
Let k be (32/(-4))/(3 + -1). Let z be 4/(k/(-23)) + 1. Calculate the highest common divisor of z and 36.
12
Suppose 56 = d - p + 7, 2*d + 5*p = 112. Let c be 1 - (-2 + 0/(-2)). Suppose -c*s + 21 = -d. Calculate the highest common factor of 60 and s.
12
Suppose 5*l = 5*r - 110, 0 = -r - 5*l + 55 - 15. Suppose 10*x - 6*x - 900 = 0. What is the greatest common divisor of r and x?
25
Suppose 77 - 29 = o. Suppose 0 = s + 2*s - o. What is the greatest common factor of 8 and s?
8
Suppose 328 = -5*l + 1208. Suppose -4*a = 64 - l. What is the greatest common divisor of 7 and a?
7
Suppose 5*d - 34 = m, 0 = -3*d - d - 2*m + 16. Calculate the greatest common factor of 36 and d.
6
Let o = 12 + 3. Calculate the greatest common factor of o and 5.
5
Let v be (-2 + 5 + -2)*-1. Let o = v + 12. Let d(x) = x**3 - 6*x**2 + 1. Let g be d(6). Calculate the highest common divisor of g and o.
1
Let o be 8/(-6) - (2 - (-4)/(-3)). Let s be (-1 - 11)/(4/6). Let k be o/(-9) + (-86)/s. Calculate the greatest common factor of k and 10.
5
Suppose -3*s = 2*t - 22 - 23, 47 = 2*t + 5*s. Let g = -366 - -555. What is the highest common factor of t and g?
21
Suppose 2*h = 4*h - 8. Suppose -v + 70 = h*p, 3*p - 133 + 13 = -2*v. Let i = -11 - -17. What is the greatest common divisor of v and i?
6
Suppose 2*l - 3*l = -2. Let t(o) = 2*o**3 - 3*o**2 + 2*o + 1. Let f be t(l). Let m = f - 0. What is the greatest common factor of 81 and m?
9
Let m be (-10)/(0 + -1 - 1). Suppose m*u + 4*k + 11 = -0*k, 2*u - 2*k = 10. What is the greatest common factor of u and 9?
1
Let r(g) = 33*g + 3. Let l be r(1). What is the greatest common factor of l and 12?
12
Let q = 8 + -6. Suppose 0 = -2*i + 4*a + 46, i + a + 20 = q*i. Suppose -m + 5*m - 340 = 0. Calculate the highest common factor of i and m.
17
Let g = 1 - -55. Let v(a) = 2 + 4*a**2 - a**2 - 2*a**2 - a. Let i be v(-3). Calculate the greatest common factor of i and g.
14
Let a(w) = -7*w**2 - 7*w + 3. Let x(i) = i**2 + i + 1. Let p(h) = a(h) + 6*x(h). Let o be p(0). Calculate the highest common divisor of 9 and o.
9
Suppose 2*s - 5*h - 8 = 0, -4*s = 2*h - 3 - 61. Let f(j) = 1 - j**3 - 2 + 7*j**2 - 4*j - 3. Let a be f(4). Calculate the greatest common divisor of a and s.
14
Let y = -1 + 4. Suppose -175 = -y*u + 56. Suppose -r - g + 7 = 0, 0 = -3*r + g + g + 21. Calculate the highest common divisor of r and u.
7
Let x(s) = -s**3 - s**2 - 1. Let v be x(0). Let d be 3*-7*1/v. Let f be -1 + (d/3 - 2). Calculate the highest common divisor of 16 and f.
4
Let a = 9 + 6. What is the highest common factor of a and 15?
15
Let p(o) = -2*o**3 - 5*o**2 - 4*o - 1. Let l = -7 + 4. Let s be p(l). What is the greatest common factor of 4 and s?
4
Let d = -101 + 196. Let l = 129 + -91. Calculate the highest common divisor of d and l.
19
Let c = -10 - -16. Let i(j) = 6*j**2. Let u(a) = -7*a**2 + a - 1. Let q(g) = c*i(g) + 5*u(g). Let b be q(9). Calculate the highest common divisor of b and 11.
11
Suppose -2*g + 42 = g. Suppose 3*z - g = 4. Calculate the highest common divisor of 42 and z.
6
Let u(h) = h**2 + h - 6. Let z be u(10). What is the greatest common factor of z and 13?
13
Let z(j) = -j**2 - 10*j - 4. Let v be z(-8). Let y = -3 + 5. Let p be y/((-2)/(-59)) - -1. What is the highest common factor of v and p?
12
Let l(d) = d**3 - 9*d**2 - 10*d + 10. Let a be l(10). Suppose a = -2*m + 4. Let r be (-1 + 3)/(m/(-15)). What is the greatest common divisor of 40 and r?
10
Suppose 0 = l + 26 - 29. Calculate the greatest common divisor of 27 and l.
3
Let g = 22 + -11. Let p(x) = 13*x + 5. Let q be p(3). What is the greatest common factor of g and q?
11
Let n be (0 + -1 + 3)*27/6. Calculate the greatest common divisor of 36 and n.
9
Let q(r) = -37*r - 1. Suppose 2 + 0 = 3*g - 5*b, 0 = -b - 1. Let v be q(g). What is the highest common divisor of 4 and v?
4
Suppose 5*u + 3*c - 8*c - 415 = 0, 5*u + 4*c - 424 = 0. What is the greatest common factor of 12 and u?
12
Let u = 7 - 7. Suppose u*s + 3*s = 39. Calculate the highest common factor of s and 13.
13
Suppose -3*t = 4*w - 22 - 21, -2*t = -2*w - 38. What is the highest common factor of t and 51?
17
Suppose 0 = 2*b - 2*d + 111 + 25, -135 = 2*b - 3*d. Let p = -47 - b. Suppose -56 = -3*q - 4*a - a, -q = 5*a - p. What is the greatest common factor of 17 and q?
17
Let r(l) = -l**3 - 3*l**2 + 2*l + 4. Let z be r(-4). Suppose -z - 3 = -s. What is the highest common divisor of 3 and s?
3
Suppose -5*i = -i - 48. Let y = i + -3. What is the greatest common factor of 45 and y?
9
Suppose -3 = -6*c + 45. Calculate the greatest common divisor of c and 24.
8
Let z be (-10)/(-5)*(-2)/(-4). Suppose u + z = 5. Calculate the greatest common divisor of u and 28.
4
Suppose 4*p = -2 + 18. Calculate the greatest common factor of p and 32.
4
Suppose -4*g + 9 = -3*g. What is the greatest common divisor of g and 9?
9
Let m be ((-60)/(-24) - 1/(-6))*15. Suppose q = -q + 4. Suppose -q*g = 5*r + 10, 3*g + 5*r + 6 = 1. What is the greatest common divisor of m and g?
5
Suppose 5*z + 0*z = 480. What is the greatest common divisor of 12 and z?
12
Suppose -2*q - 2 = -4, q + 5 = 3*c. Suppose 0 = -j + 4*j - 6. Let p be c - -13*2/j. What is the greatest common factor of p and 5?
5
Let g be 24 - -1*(-1)/(-1). Let q = -2 + 7. Calculate the highest common factor of g and q.
5
Suppose 6*c = 2*c - 32. Let l be (c + 1)/((-4)/60). What is the greatest common factor of l and 15?
15
Let i(a) = 13*a**2 - 7*a - 10. Let p be i(-2). Calculate the greatest common factor of 8 and p.
8
Let t = 142 - 104. Calculate the greatest common divisor of 57 and t.
19
Suppose 3*n - 5*p = 26, -4*n + n = 3*p - 18. What is the highest common divisor of n and 56?
7
Suppose -16 + 261 = 5*d. Let h be 2*-1*14/(-4). Calculate the greatest common factor of d and h.
7
Let k be ((-2448)/(-32))/(1/2). What is the greatest common divisor of 9 and k?
9
Let c(k) = -124*k - 3. Let q be c(-1). What is the greatest common factor of q and 11?
11
Suppose -15 - 1 = -4*u. Suppose 5*l = u*d + l - 100, 0 = d - 2*l - 20. Calculate the greatest common divisor of 20 and d.
10
Let y(h) = h**2 - 6*h + 2. Let w be y(8). Suppose 0 = -p + 3*d - 9, 3*d - w = -3. What is the greatest common divisor of p and 6?
6
Let w be 6/(1 - (-2)/(-3)). Calculate the greatest common factor of w and 2.
2
Suppose -4*y + 77 = 57. Calculate the greatest common factor of y and 5.
5
Let j(p) = -p**3 - p**2 + p + 2. Let w be j(-2). Suppose 4*h - 6 = 2. Let u be (h/(-4))/((-5)/120). What is the greatest common factor of u and w?
4
Let g be (-9)/2*12/9. Let m be (-4272)/(-42) + g/(-21). Calculate the highest common divisor of m and 17.
17
Suppose 37 - 1 = 4*z - 2*x, -5*x - 20 = 0. Let v be 72/7 + (-2)/z. Let o = 11 - 6. Calculate the greatest common factor of v and o.
5
Let s be 5/(-20) + 26/8. Calculate the greatest common factor of s and 12.
3
Suppose 5*f + 5*b - 15 = 30, 0 = -4*f - 2*b + 42. What is the highest common factor of 60 and f?
12
Let f = -81 - -121. Suppose 2*y - 12 = 8. Calculate the greatest common factor of y and f.
10
Suppose -4*b = -5*d - 70, -b = -5*b. Let m be (-1935)/(-35) + 4/d. What is the greatest common divisor of 22 and m?
11
Suppose 3*w - 8*w + 64 = 3*p, 46 = 4*w + 5*p. Calculate the greatest common divisor of 154 and w.
14
Suppose -5*v - 2*n - 10 = -v, -9 = 4*v + n. Let f = v